ple of 83?
True
Is 332 a factor of 1026023?
False
Does 441 divide 3875067?
True
Does 530 divide 160590?
True
Is 1062501 a multiple of 33?
True
Is 53 a factor of 1853463?
True
Does 410 divide 892980?
True
Does 327 divide 12490746?
True
Is 193018 a multiple of 243?
False
Is 4 a factor of 5065027?
False
Is 3 a factor of 60617?
False
Is 277 a factor of 1977656?
False
Does 108 divide 203623?
False
Is 441 a factor of 3122716?
False
Does 801 divide 3066504?
False
Does 109 divide 802349?
True
Is 353401 a multiple of 356?
False
Does 35 divide 320635?
True
Does 108 divide 14498091?
False
Is 2 a factor of 5935?
False
Does 98 divide 135660?
False
Does 316 divide 1252079?
False
Does 133 divide 238198?
False
Does 497 divide 1508678?
False
Is 319 a factor of 121530?
False
Does 169 divide 751475?
False
Does 21 divide 3587472?
True
Is 5852999 a multiple of 79?
False
Does 178 divide 13190?
False
Is 26676 a multiple of 19?
True
Is 63680 a multiple of 10?
True
Is 86990 a multiple of 57?
False
Does 4 divide 57132?
True
Does 41 divide 3606326?
False
Is 12 a factor of 343800?
True
Is 126 a factor of 119696?
False
Is 5765775 a multiple of 885?
True
Is 654192 a multiple of 241?
False
Is 243570 a multiple of 6?
True
Is 45 a factor of 425475?
True
Does 45 divide 146136?
False
Does 35 divide 3796004?
False
Does 143 divide 9554701?
False
Is 794 a factor of 1807985?
False
Is 2449383 a multiple of 3?
True
Is 3986920 a multiple of 7?
True
Is 31 a factor of 1082427?
True
Is 30587 a multiple of 56?
False
Is 1047533 a multiple of 567?
False
Does 54 divide 4564?
False
Is 1432075 a multiple of 602?
False
Does 230 divide 118680?
True
Does 12 divide 209940?
True
Does 119 divide 4122993?
True
Is 9 a factor of 378389?
False
Is 247 a factor of 566201?
False
Is 93 a factor of 663369?
True
Is 54432 a multiple of 6?
True
Is 11 a factor of 292050?
True
Does 311 divide 2052266?
False
Is 23 a factor of 581712?
False
Is 612104 a multiple of 38?
True
Is 180 a factor of 375114?
False
Does 150 divide 2259600?
True
Does 51 divide 9528126?
True
Does 21 divide 177479?
False
Is 14 a factor of 88410?
True
Is 195096 a multiple of 6?
True
Does 4 divide 130295?
False
Is 72 a factor of 336816?
True
Is 122426 a multiple of 129?
False
Is 5 a factor of 24935?
True
Is 251 a factor of 208079?
True
Is 3137832 a multiple of 21?
False
Is 22425 a multiple of 25?
True
Is 173594 a multiple of 73?
True
Does 41 divide 3459?
False
Is 7177947 a multiple of 8?
False
Is 181 a factor of 460060?
False
Is 7 a factor of 32977?
True
Is 32275 a multiple of 52?
False
Is 26 a factor of 160736?
False
Is 639138 a multiple of 40?
False
Does 154 divide 447062?
True
Is 34 a factor of 499194?
False
Does 108 divide 44087?
False
Is 3979193 a multiple of 7?
False
Is 67265 a multiple of 6?
False
Is 5407963 a multiple of 641?
False
Is 497 a factor of 6263441?
False
Is 16 a factor of 15713488?
True
Is 16 a factor of 312030?
False
Is 103071 a multiple of 515?
False
Is 4455880 a multiple of 520?
True
Does 4 divide 2230330?
False
Is 636574 a multiple of 125?
False
Is 3 a factor of 581959?
False
Is 93 a factor of 745394?
False
Is 30 a factor of 17269940?
False
Does 20 divide 64600?
True
Is 477 a factor of 2224728?
True
Does 35 divide 810421?
False
Is 610900 a multiple of 50?
True
Is 140233 a multiple of 113?
True
Is 223 a factor of 1108533?
True
Is 107307 a multiple of 36?
False
Is 45 a factor of 2492818?
False
Is 152381 a multiple of 188?
False
Does 255 divide 250410?
True
Is 39 a factor of 500226?
False
Is 18 a factor of 251318?
False
Does 12 divide 3174672?
True
Is 1361950 a multiple of 27?
False
Is 188117 a multiple of 6?
False
Is 64898 a multiple of 140?
False
Is 10681212 a multiple of 1181?
False
Does 7 divide 16688?
True
Does 61 divide 831247?
True
Is 15 a factor of 370959?
False
Is 41796 a multiple of 302?
False
Does 237 divide 538938?
True
Is 146445 a multiple of 195?
True
Does 22 divide 183282?
True
Is 228735 a multiple of 117?
True
Is 51 a factor of 9843?
True
Is 689 a factor of 573937?
True
Is 124188 a multiple of 316?
True
Is 89 a factor of 43343?
True
Is 25 a factor of 28800?
True
Is 801331 a multiple of 12?
False
Is 11 a factor of 94389?
False
Is 181 a factor of 1574060?
False
Is 86702 a multiple of 59?
False
Is 17466 a multiple of 245?
False
Is 11342 a multiple of 53?
True
Is 49321 a multiple of 8?
False
Is 11 a factor of 2623?
False
Does 283 divide 938428?
True
Does 216 divide 4712040?
True
Does 176 divide 160846?
False
Is 22 a factor of 253312?
False
Does 345 divide 750720?
True
Is 7174076 a multiple of 14?
True
Is 1790286 a multiple of 648?
False
Is 534075 a multiple of 207?
False
Is 2395806 a multiple of 203?
True
Is 826761 a multiple of 17?
True
Is 6194 a multiple of 3?
False
Is 33 a factor of 396528?
True
Does 13 divide 5376715?
False
Is 722338 a multiple of 15?
False
Does 19 divide 3563268?
False
Is 107641 a multiple of 48?
False
Is 518434 a multiple of 78?
False
Is 1865004 a multiple of 198?
False
Is 562 a factor of 7376971?
False
Does 14 divide 44772?
True
Does 317 divide 707127?
False
Is 35567 a multiple of 7?
True
Is 901518 a multiple of 15?
False
Is 3271248 a multiple of 8?
True
Does 9 divide 6048694?
False
Is 64 a factor of 17787910?
False
Is 528693 a multiple of 407?
True
Is 155 a factor of 135470?
True
Does 15 divide 40680?
True
Is 109 a factor of 34008?
True
Is 534892 a multiple of 30?
False
Is 40 a factor of 44989?
False
Does 16 divide 6783872?
True
Is 2974504 a multiple of 6?
False
Is 6946240 a multiple of 92?
False
Is 2507869 a multiple of 13?
True
Is 295 a factor of 43098?
False
Is 33 a factor of 565471?
False
Is 1380340 a multiple of 20?
True
Does 329 divide 298403?
True
Is 2131668 a multiple of 28?
True
Is 12667 a multiple of 4?
False
Is 782850 a multiple of 170?
True
Is 7474770 a multiple of 145?
False
Is 13108 a multiple of 58?
True
Is 62 a factor of 221092?
True
Is 8 a factor of 48344?
True
Is 275448 a multiple of 8?
True
Is 2796085 a multiple of 4?
False
Does 244 divide 53713?
False
Is 620257 a multiple of 277?
False
Does 327 divide 2707422?
False
Does 116 divide 1202427?
False
Does 7 divide 724766?
True
Does 13 divide 52715?
True
Is 121 a factor of 1707531?
False
Is 56 a factor of 216664?
True
Does 36 divide 3523209?
False
Is 561 a factor of 904332?
True
Is 28987 a multiple of 101?
True
Does 10 divide 1178866?
False
Is 48 a factor of 108624?
True
Is 6 a factor of 306101?
False
Is 176 a factor of 4743621?
False
Is 99 a factor of 3891393?
True
Does 61 divide 3026454?
True
Is 415374 a multiple of 496?
False
Is 19 a factor of 307084?
False
Is 1531050 a multiple of 10?
True
Is 6 a factor of 117435?
False
Is 1644510 a multiple of 246?
True
Is 6 a factor of 3869128?
False
Is 3434256 a multiple of 6?
True
Does 210 divide 673469?
False
Does 39 divide 7023?
False
Does 41 divide 35011171?
True
Does 262 divide 29606?
True
Is 5713820 a multiple of 35?
True
Is 687331 a multiple of 277?
False
Is 39 a factor of 252018?
True
Is 1692 a factor of 9147815?
False
Is 24756 a multiple of 317?
False
Is 35 a factor of 2321900?
True
Is 5329 a multiple of 9?
False
Is 87549 a multiple of 77?
True
Is 35 a factor of 130174?
False
Is 7 a factor of 41440?
True
Does 30 divide 1872600?
True
Is 380980 a multiple of 5?
True
Is 393450 a multiple of 50?
True
Is 867539 a multiple of 31?
False
Does 110 divide 613470?
True
Does 35 divide 3066245?
True
Is 624404 a multiple of 92?
True
Is 1076532 a multiple of 8?
False
Does 250 divide 381750?
True
Is 613676 a multiple of 202?
True
Is 235200 a multiple of 140?
True
Is 20 a factor of 1503839?
False
Does 29 divide 128644?
True
Is 16 a factor of 265613?
False
Does 14 divide 450689?
False
Does 1569 divide 2388018?
True
Does 107 divide 2022407?
True
Does 175 divide 440125?
True
Does 21 divide 159558?
True
Is 39 a factor of 2031911?
False
Does 12 divide 15252?
True
Does 96 divide 44832?
True
Does 512 divide 161280?
True
Is 33 a factor of 6325077?
True
Is 18 a factor of 74196?
True
Is 749 a factor of 1938880?
False
Is 8614815 a multiple of 33?
True
Is 8 a factor of 1675918?
False
Is 9 a factor of 55018?
False
Is 77557 a multiple of 45?
False
Is 7498811 a multiple of 33?
False
Does 6 divide 7458?
True
Does 142 divide 2523766?
True
Is 19 a factor of 208517?
False
Does 206 divide 7475759?
False
Does